 h be -6 - -5 - 42/(-2). Let a be 10/(-45) + h/9. Let b(i) = -2*i + 4*i - i. Determine b(a).
2
Let x be 1 - 2 - (-12)/4. Let w(k) = 4*k - k + 8 - x*k. Suppose -12 = -4*o + 4*m, -3 = 3*o + m - 0. Determine w(o).
8
Suppose -2*a - 1 = 13. Let u = a - -9. Let v(c) = c**3 - c**2 + 2*c - 3. Calculate v(u).
5
Let b = 4 - -6. Suppose -b = -p - p. Let a(j) = -j**2 + 6*j + 1. Give a(p).
6
Let p(h) = 3*h - 2. Let q be p(2). Let r(c) be the first derivative of -c**3 + q*c - 1/4*c**4 - 2 + 3*c**2. Give r(-4).
-4
Let r(x) = 0 - 3*x + 1 + 5 - 7. Give r(-1).
2
Suppose 0*m = -m + 28. Suppose 0*r + m = -4*r. Let y = r - -10. Let q(o) = 3*o - 2. What is q(y)?
7
Let f(l) = l**3 - 5*l**2 + 4*l - 3. Let q = -6 - -12. Let u(t) = 0 - 2*t - 2 - 3*t + t**2. Let a be u(q). Determine f(a).
-3
Let d(z) = -z**3 - 5*z**2 - 3*z + 5. Let f = -2 - -4. Suppose 5*j + 5*c = -20, 5 = f*j - 5*c + 13. Determine d(j).
1
Let h(t) = -4*t + t + 6 - 3 + 1. Give h(3).
-5
Suppose 4*f + 3*d = -27, 2*f - 7*d = -3*d + 14. Let u(w) = w**3 + 4*w**2 + 3*w - 4. What is u(f)?
-4
Suppose -2*r = 3*j - 17, -3 = -r + 2*j + 2. Let c = r - 5. Let l(q) = 2 + 4 - 2 - c*q. Calculate l(3).
-2
Suppose 0 = -2*s - 5*b, 2*s + s = -5*b. Let u(j) = -j**2 - j - 7. Determine u(s).
-7
Let c(o) = o + 8. Let y = -43 - -36. What is c(y)?
1
Let v(x) = -x**2 + 7*x - 3. Let d be (-10 + 1)*(-212)/6. Let q be (-4)/(-18) - d/(-27). Suppose 0 = -2*b + 5*b - q. Give v(b).
9
Let w = -21 - -23. Let q(c) = 14*c - 2. Calculate q(w).
26
Let b(k) = k**2 + 13*k + 16. Let m be b(-12). Let c(x) = -12 + 2*x + m + 3. What is c(6)?
7
Let k = -12 + 6. Let l(q) be the first derivative of q**4/4 + 7*q**3/3 + 5*q**2/2 + q - 47. Give l(k).
7
Let q(m) = m + 3. Let l(a) = a**2 + 5*a - 8. Let c be l(-6). Calculate q(c).
1
Let n = -8 + 4. Let d(y) = 5*y**3 + 4*y**2 - 4*y + 7. Let t(o) = 11*o**3 + 8*o**2 - 9*o + 15. Let a(g) = 9*d(g) - 4*t(g). Determine a(n).
3
Suppose -5*g + a = 33, 3*g = 3*a - 21 + 6. Let z(r) = -r**3 - 6*r**2 + 8*r - 3. Calculate z(g).
-10
Let w(o) be the first derivative of o**4/4 - 2*o**3 + 2*o**2 + 2*o + 7. Suppose -3*s - 2*g - 5 = -4*s, -15 = -3*s + 5*g. What is w(s)?
-3
Let x(s) = -s + 5. Let i be (-2)/(-4) + ((-52)/(-8) - 1). Determine x(i).
-1
Let c = -27 + 21. Let k(w) = 7*w**2 - 2*w - 5. Let j(g) = -8*g**2 + 3*g + 5. Let q(u) = 6*j(u) + 7*k(u). What is q(c)?
7
Let d(n) = -5*n**2 + 2*n - 1. Let i(y) = -y**3 - 4*y**2 + 4. Let x be i(-3). Let p be (-24)/x + 4/20. Suppose 0 = -p*b + 5 - 0. Give d(b).
-4
Let f(z) = -4*z**2 - 5*z + 3. Let n(w) = -w**2 - w. Let i(x) = -f(x) + 2*n(x). Calculate i(-3).
6
Suppose 4*m - 5 = -4*o - 1, -4*o + 4*m + 20 = 0. Suppose 7 = -2*j - o. Let c(z) = z**3 + 4*z**2 - 3*z + 5. Give c(j).
-5
Let i(q) = -3*q + 2. Let a = 6 - 2. Suppose -2 = 5*m - a*w, 5*m + 4*w - 18 = 2*m. Determine i(m).
-4
Let t(s) = s**3 + 5*s**2 + 3*s + 2. Suppose 0 = v - 5 + 2. Suppose 15 - 36 = 5*r + v*c, 3*r + 15 = -c. Let g = -10 - r. Determine t(g).
6
Let m(h) be the third derivative of -h**6/120 - h**5/20 - h**4/24 + h**3/6 - 3*h**2. Let z(p) = p**3 - 7*p**2 + 8*p - 14. Let w be z(6). What is m(w)?
-1
Let k = 190 + -186. Let g(n) = n + 2. Give g(k).
6
Let v = -8 - -14. Let t(h) = 0*h + 0 - v + 2 + 2*h. Give t(3).
2
Let x = -1 + 3. Suppose -7*t + 30 = -x*t. Let a(l) = 2*l - 17. Let c(b) = b - 8. Let o(q) = 4*a(q) - 9*c(q). Give o(t).
-2
Let u(y) = -5*y**2 + y + 2. Let z(h) = 4*h**2 - h - 2. Suppose -2*m - 3*s = 14 + 6, m = -4*s - 20. Let p = m + 7. Let c(q) = p*u(q) + 4*z(q). Calculate c(0).
-2
Suppose -25*r + 24*r = -4. Let k(p) = 3*p - 1. Determine k(r).
11
Let s be (-3)/9*0 + 1. Let z = s - -2. Suppose 0 = -z*m - 10 - 2. Let u(r) = -r - 1. Give u(m).
3
Suppose 4*l = -4*y + 24, 3*y - 2*l - 8 + 0 = 0. Let k(c) = -c**3 + 3*c**2 + 2*c + 5. What is k(y)?
-3
Let v(r) be the first derivative of -r**3/3 + 5*r**2/2 + 4*r + 15. Determine v(4).
8
Let a(k) = -k**3 + 6*k - 2. Let b(f) be the third derivative of -f**6/120 - f**5/60 + f**4/4 - f**3/3 + 7*f**2. Let l(j) = 3*a(j) - 4*b(j). Give l(-5).
7
Let b(t) = -4*t**2 - 3*t. Let p be 28/6 - (-6)/18. Let u(i) = i - 7. Let n be u(p). Give b(n).
-10
Let b(i) = -6*i**2 - 6*i + 2. Suppose 0*r - 25 = -5*r. Suppose -r*d = -d + 20. Let h(l) = 7*l**2 + 6*l - 2. Let t(g) = d*h(g) - 6*b(g). Determine t(-5).
-7
Let y(r) = -3 + 0*r - r + 10. Suppose 135*g - 138*g = -15. Determine y(g).
2
Let s(u) = u**3 - 6*u**2 + 3*u - 1. Suppose 4*z - 3 = 5*f - 5, -14 = -5*z - 2*f. Calculate s(z).
-11
Let x(r) be the third derivative of -2*r**2 - r**3 - 1/12*r**4 + 0*r + 0. Suppose -5*u + u = 4*o, 2*o = 2*u + 20. Give x(u).
4
Let r = -21 - -12. Let v = r + 5. Let n(j) = -j**3 - 5*j**2 - 3*j - 2. What is n(v)?
-6
Let c(b) = 3*b + 3. Suppose 25 = 3*p + 2*p. Suppose p*g - 3*x = 0, 3*x + 7 = 4*g + 2*x. Let z(d) = 3*d + 3. Let v(h) = g*z(h) - 4*c(h). What is v(-4)?
9
Let q(j) = j**3 + 2*j**2 - j + 1. Let h(k) = -k**3 - 2*k**2 + k - 2. Let b(n) = 3*h(n) + 4*q(n). Calculate b(-3).
-8
Let f(w) = w**2 - 6*w + 1. Suppose -4*t + y = -18, 2*t + 2*y = -2*t + 24. What is f(t)?
-4
Let h(r) = -2 - 2*r + 2 + 1 + 0. Let v(w) = -7*w - 1. Let q(y) = -3*y. Let i(d) = 9*q(d) - 4*v(d). Let j be i(0). Calculate h(j).
-7
Let z(p) = p**2 + 5*p - 1. Let l be z(-4). Let k(i) = -i**3 - 4*i**2 + 6*i - 3. What is k(l)?
-8
Let b(t) = 2*t**3 + 3*t**2 + 3*t. Let f be 2 - (-3)/6*-8. Calculate b(f).
-10
Let i(o) = -o + 2. Suppose 0 = 3*q - 149 + 26. Suppose 5*g + 9 + 16 = -l, 4*g + q = -5*l. What is i(l)?
7
Let a be ((-2)/3)/(3/(-9)). Let o = a + 1. Let y(f) = -o*f + 4*f + 2 + 0*f. Give y(0).
2
Let o(n) be the second derivative of n**4/4 - 13*n**3/6 - 5*n**2/2 + 5*n. Let t(f) = -f**2 + 6*f + 2. Let x(v) = -2*o(v) - 5*t(v). Determine x(-5).
-5
Let p be ((-52)/(-64)*4)/((-2)/8). Let s(l) = -l**2 - 14*l - 3. What is s(p)?
10
Let y(d) be the first derivative of -4*d + 2*d**2 + 2*d**3 + 2 + 1/4*d**4. Calculate y(-5).
1
Let s(y) = y + y - 2 - 2*y + 2*y. Calculate s(-2).
-6
Let s(a) = -a + 1. Let r(x) = x**3 + 7*x**2 - 8*x + 7. Let j be r(-8). Determine s(j).
-6
Let w be ((-8)/(-16))/((-1)/2). Let p(h) = -h - 1. Let v(b) = 2*b - 2. Let d(y) = 2*p(y) - v(y). Give d(w).
4
Let m(q) = -5*q**2 - 14*q + 8. Let k(v) = -9*v**2 - 27*v + 15. Let f(w) = -6*k(w) + 11*m(w). Suppose 20 = 2*z + 4*p, -3*z - 5*p + 28 = -0*z. Give f(z).
10
Suppose 2*l + 1 = -5, 3*r - 2*l = 0. Let h = r + -3. Let m(q) = 2*q - 120*q**2 - 3*q + 125*q**2 + q**3 - 6. Calculate m(h).
-1
Let p(z) = 2*z - 6. Let u be p(7). Let i = u + -6. Let f = -3 - i. Let m(a) = 2*a + 7. Give m(f).
-3
Let q(m) = -m**3 - 5*m**2 + 8*m - 7. Let j(p) = -3*p**3 - 14*p**2 + 23*p - 20. Suppose l + 51 = -2*l. Let a(s) = l*q(s) + 6*j(s). What is a(1)?
1
Let r(h) be the third derivative of h**6/120 + h**5/10 + h**4/3 + h**3/2 + 2*h**2. Calculate r(-5).
-12
Let o = -4 - -6. Suppose -o*z + 3*z - 3 = 0. Suppose -5 = -d - z. Let u(k) = -3*k + 1. Determine u(d).
-5
Let f be (-1)/(-3) + 100/15. Let z(w) = -w**2 + 7*w + 6. Calculate z(f).
6
Let u(p) be the first derivative of -p**4/4 - 2*p**3 - p**2/2 + 2. Let i(y) = -y**3 - 3*y**2 + 4*y + 6. Let b be i(-3). Give u(b).
6
Let w be 1*(2 - 1 - 1). Let y be -2 - (w - 4/2). Let s(v) = -v**2 - 3*v**2 + 3*v**2 + 11 - v**3. Determine s(y).
11
Suppose -4*z - 5 = -5*z. Let a(j) be the first derivative of -j**4/4 + 4*j**3/3 + 3*j**2 + 2*j + 1. What is a(z)?
7
Let h(r) = -r**3 + 2*r**2 + 5*r - 2. Let g = -73 - -77. Determine h(g).
-14
Let l(s) = 2*s + 2. Let f(z) = -z - 16. Let q be f(-14). What is l(q)?
-2
Let z be ((-5 - -3)*-1)/(-2). Let l(m) be the third derivative of m**4/3 - m**2. Calculate l(z).
-8
Suppose -5*d - 3*n + 26 = 0, n - 5 + 23 = 5*d. Suppose 0*q - 36 = -d*q. Let m = -4 + q. Let w(z) = -z**2 + 6*z - 3. What is w(m)?
2
Let k = 22 - 19. Let u(p) = p**3 - 2*p**2 - 2*p + 1. What is u(k)?
4
Let b(d) = d - 2. Let u be b(8). Let n(t) = t - 13. Determine n(u).
-7
Let y(j) = j**3 - 2*j**2 - 2*j + 3. Let n(o) = -2*o**2 - 6*o + o**2 + 0 - 2. Suppose -4 = 2*t, -2*w - w - 3*t - 21 = 0. Let c be n(w). What is y(c)?
6
Let y(x) = -x - 8. Suppose 0 = 7*a - a + 42. Determine y(a).
-1
Let s(r) be the first derivative of r**3/3 + r**2/2 + 15*r + 12. Calculate s(0).
15
Let w(b) = -b**3 + 4*b**2 + 4*b + 7. Suppose 5*j = -3*d + 22, d = -3*j - j + 12. Suppose -q = -d*q + 117. Suppose 5*u 